ctor of 8712 and 236378340.
4356
Calculate the highest common divisor of 382447768 and 8.
8
Calculate the highest common divisor of 38 and 869249924.
38
What is the highest common divisor of 151506 and 1710?
342
What is the highest common factor of 88 and 120724?
4
What is the highest common factor of 126 and 1347234?
42
Calculate the highest common divisor of 204167 and 2318.
61
Calculate the greatest common divisor of 12168 and 4787784.
72
What is the greatest common divisor of 2550 and 1718853?
51
Calculate the highest common factor of 5038 and 26165998.
458
What is the greatest common divisor of 11698705 and 10?
5
What is the highest common divisor of 1122070 and 280?
10
What is the greatest common factor of 155 and 59100043?
31
Calculate the greatest common factor of 470364 and 4028.
76
What is the greatest common factor of 3345 and 11107185?
15
Calculate the greatest common divisor of 171 and 28216482.
57
What is the greatest common divisor of 3540 and 42070481?
59
Calculate the greatest common divisor of 17744 and 5528.
8
Calculate the greatest common divisor of 7860 and 5475276.
1572
What is the highest common divisor of 304508 and 122664?
1076
What is the greatest common divisor of 13931806 and 42?
14
What is the highest common divisor of 3490604 and 1596?
76
What is the greatest common factor of 24094886 and 654?
218
Calculate the highest common divisor of 592641 and 191821.
2863
Calculate the highest common factor of 23830437 and 489.
489
Calculate the greatest common divisor of 2940956829 and 243.
243
What is the greatest common factor of 103450 and 4750?
50
Calculate the greatest common divisor of 81 and 91820655.
27
What is the greatest common factor of 767 and 67847?
13
What is the highest common factor of 345584007 and 9864?
1233
What is the highest common factor of 394723 and 4340?
217
Calculate the greatest common factor of 41554 and 565187.
263
Calculate the greatest common divisor of 253860175 and 535.
535
What is the highest common factor of 579711 and 72237?
363
What is the highest common factor of 1839040 and 520?
40
What is the highest common divisor of 14444 and 30502117?
3611
What is the highest common divisor of 144 and 20285376?
48
Calculate the greatest common divisor of 67208 and 10936.
8
What is the highest common factor of 1591542170 and 4190?
4190
Calculate the highest common factor of 12482101 and 7299.
811
Calculate the highest common divisor of 2508 and 85801188.
2508
What is the greatest common factor of 131014364 and 104?
52
What is the highest common factor of 3157449 and 9096?
1137
Calculate the greatest common divisor of 420896216 and 52.
52
Calculate the greatest common divisor of 44125 and 11185511.
353
What is the highest common factor of 37726803 and 108?
27
Calculate the highest common factor of 49218450 and 205.
205
Calculate the highest common factor of 12840391 and 4.
1
What is the highest common divisor of 2625 and 1176399?
21
What is the highest common divisor of 946 and 2537282?
22
What is the highest common factor of 17 and 1216121741?
17
What is the greatest common divisor of 9709650 and 468?
18
What is the greatest common factor of 4660526 and 728?
26
What is the highest common factor of 15906 and 61517178?
1446
What is the highest common factor of 333 and 47486799?
333
What is the greatest common factor of 53720 and 39848?
136
Calculate the greatest common factor of 316 and 7059677.
79
Calculate the greatest common factor of 1976910 and 70707.
1443
Calculate the greatest common divisor of 2009326 and 230.
46
Calculate the greatest common factor of 299 and 28739919.
13
What is the highest common divisor of 24354 and 41346?
18
What is the greatest common divisor of 958 and 297969614?
958
Calculate the greatest common factor of 24877792 and 1472.
32
Calculate the highest common divisor of 80638 and 86.
2
What is the highest common factor of 54700260 and 420?
60
Calculate the highest common divisor of 8708 and 20846.
14
Calculate the highest common factor of 12250390 and 410.
410
Calculate the highest common factor of 11169 and 2583132813.
11169
What is the highest common factor of 954990 and 1902120?
3930
What is the greatest common factor of 5019 and 369309731?
1673
Calculate the greatest common divisor of 10569630 and 870.
870
Calculate the highest common factor of 60456 and 241211883.
7557
Calculate the greatest common factor of 51509 and 5400312.
2711
Calculate the greatest common divisor of 82 and 5259234.
82
Calculate the greatest common factor of 6318 and 23003370.
234
Calculate the greatest common divisor of 192696 and 35224.
2072
What is the highest common factor of 75756 and 219775?
59
Calculate the greatest common factor of 1864 and 157839326.
466
Calculate the highest common factor of 2068 and 461504186.
1034
Calculate the greatest common factor of 715669 and 188.
47
Calculate the highest common factor of 39608646 and 30954.
462
What is the highest common factor of 351 and 4492280871?
351
Calculate the highest common divisor of 1169532 and 1092624.
2652
Calculate the highest common divisor of 720 and 243440.
80
Calculate the highest common divisor of 7068 and 239918548.
2356
What is the greatest common factor of 4853 and 231492953?
4853
What is the highest common divisor of 60 and 2498445?
15
What is the highest common factor of 1845 and 75615?
15
What is the greatest common divisor of 518 and 71218?
14
Calculate the highest common divisor of 1750422 and 816.
102
What is the greatest common factor of 2068 and 195582134?
1034
What is the greatest common divisor of 422 and 1920806?
2
What is the highest common divisor of 342 and 4551825?
3
Calculate the greatest common divisor of 2945 and 40714625.
2945
What is the greatest common divisor of 8232 and 99853572?
588
Calculate the highest common divisor of 943859 and 6587.
7
Calculate the greatest common factor of 418145 and 33215.
455
Calculate the greatest common divisor of 173 and 80642047.
173
Calculate the highest common divisor of 273614896 and 373.
373
Calculate the greatest common factor of 46121 and 10625.
17
What is the greatest common divisor of 100614 and 22890912?
2454
Calculate the highest common divisor of 2160 and 128153880.
1080
What is the greatest common divisor of 10 and 22156430?
10
Calculate the greatest common factor of 360 and 139748440.
40
What is the greatest common factor of 36801515 and 170?
85
Calculate the greatest common divisor of 7594072 and 517.
47
Calculate the greatest common factor of 2669540 and 5588.
508
What is the greatest common factor of 1140 and 3993610?
190
Calculate the greatest common factor of 1448504 and 216.
8
Calculate the highest common factor of 15047578 and 1624.
406
Calculate the highest common factor of 55992998 and 46.
2
What is the highest common divisor of 396 and 18514863?
9
Calculate the greatest common factor of 121372 and 11172.
76
Calculate the highest common factor of 30368 and 31300064.
2336
Calculate the highest common factor of 2360 and 33402024.
472
What is the greatest common factor of 21622164 and 204?
204
What is the greatest common divisor of 28577713 and 71?
71
What is the greatest common factor of 66320 and 30633208?
6632
Calculate the highest common divisor of 679440 and 1936.
16
Calculate the greatest common factor of 32908 and 124896252.
1732
Calculate the greatest common factor of 236 and 23892227.
59
Calculate the highest common divisor of 61677546 and 126.
42
Calculate the greatest common divisor of 10755 and 6640615.
1195
Calculate the greatest common divisor of 498 and 271764.
6
What is the greatest common divisor of 5529425 and 20075?
275
What is the highest common divisor of 10080871 and 137?
137
Calculate the highest common factor of 17219568 and 10248.
1464
What is the greatest common divisor of 76115620 and 3535?
3535
Calculate the greatest common divisor of 17442 and 183198.
114
Calculate the highest common factor of 490 and 75312755.
245
What is the highest common factor of 33111969 and 615?
123
Calculate the greatest common factor of 8134109 and 85.
17
What is the highest common divisor of 2079 and 70860042?
297
What is the highest common factor of 689813056 and 1472?
1472
Calculate the greatest common factor of 5225 and 4940000.
475
What i